 p be (0 - (-2051)/2)*248/124. Let t = p - 1396. List the prime factors of t.
5, 131
Let m = -1679 + 2353. Let g = m + -275. List the prime factors of g*((-2)/(-18))/(4/24).
2, 7, 19
Suppose -4*y - r - 187 = 0, 0*y - y - 3*r = 33. What are the prime factors of (-3528)/y*(-20)/(-6)?
5, 7
Let b = -212 + 248. Suppose 34*w - b*w + 820 = 0. What are the prime factors of w?
2, 5, 41
Let l(o) = -o**2 - 5*o + 5. Let z = 33 - 38. Let q be l(z). Suppose 0 = g + q*g - 12. List the prime factors of g.
2
Let l(z) = z**3 + 60*z**2 - 13*z + 23. What are the prime factors of l(-28)?
5, 1019
Let z(w) = 5*w + 29. Let l(n) = -n**2 + 7*n + 10. Let q be l(8). Let k be (124/40 - 4/(-10))*q. What are the prime factors of z(k)?
2
Suppose -64*p + 24*p = 26880. Let o = 692 + p. What are the prime factors of o?
2, 5
Suppose -66108 = -z - 5*m, -2*m - 330540 = -75*z + 70*z. List the prime factors of z.
2, 3, 7, 787
Let m = 118 + -119. Let j(u) = -499*u - 13. What are the prime factors of j(m)?
2, 3
Let p(m) be the second derivative of -m**4/3 - m**3/6 + 163*m**2/2 - 218*m. What are the prime factors of p(0)?
163
Suppose -m - 5*f + 25595 = 0, -7 = -94*f + 93*f. What are the prime factors of m?
2, 3, 5, 71
Suppose -2*p + 2*o + 44474 = 0, 3*p - 66686 = 41*o - 43*o. List the prime factors of p.
2, 7, 397
Let m(t) = 6*t**2 + 5*t - 29. Let u be m(-15). Suppose 354 = 10*s - u. Suppose q - 216 = -5*v, -4*v - 4*q + s = -0*v. What are the prime factors of v?
2, 11
Let g = 525 + -185. Suppose -3*w + 272 = -g. Suppose -4*p + 3*x + w = x, 16 = -4*x. What are the prime factors of p?
7
Suppose x + 3*x = -3*h + 388, 0 = h + 4*x - 124. Let z = h + 101. Suppose -3*c - 2*l = 3*l - z, -91 = -c + l. List the prime factors of c.
2, 43
Let z(a) = -3621*a - 242. What are the prime factors of z(-4)?
2, 7121
Let l(r) = -15*r + 32. Let i be l(2). Suppose 22*m - i*m = 7780. List the prime factors of m.
389
List the prime factors of ((-3)/15)/(10/(-95250)).
3, 5, 127
Let r = 271 + -166. Suppose 2*l + 4 = 0, -2*s + 85 + r = 2*l. What are the prime factors of s?
97
Let j be (-140)/(11 - 1)*211. List the prime factors of 30/(-15)*j/4.
7, 211
Suppose -g + 3*r + 12 + 4 = 0, g - 2*r - 13 = 0. Let n(d) = 2*d + g + 6*d + 7*d. What are the prime factors of n(4)?
67
Suppose -4*i + 16259 = 5*q, 21*i = 18*i + 2*q + 12177. What are the prime factors of i?
31, 131
Let a be (-1)/(2 - 15*(-1)/(-6)). Suppose a*u - 377 - 423 = 0. What are the prime factors of u?
2, 5
Let o(y) = -7*y - 20*y - 58 + 66*y**2 + 47*y. List the prime factors of o(3).
2, 149
Let v = -443 - -152. Let g = -161 - v. Suppose -c = -105 - g. List the prime factors of c.
5, 47
Let d be 8/(384/(-603) - 6/(-9)). Suppose 0 = 4*r - 2568 - d. List the prime factors of r.
709
Let k(r) = 50*r**3 - 10*r**2 + 30*r - 55. List the prime factors of k(6).
5, 2113
Let g = -1818 + 3195. Suppose 0 = -3*n + 2*k + 1387, -3*k + g = 3*n - 0*n. What are the prime factors of n?
461
Let l = 4179 + -4007. List the prime factors of l.
2, 43
Suppose 5*h = 4*u - 27682, -74*u + h + 6920 = -73*u. List the prime factors of u.
2, 3, 1153
Let y = 1428 - 2691. Let v = y - -1786. What are the prime factors of v?
523
Suppose -35*x + 35 = -32*x + 4*u, 2*x - 3*u = -5. Suppose -5*h + 869 + 6871 = x*o, -3*h + 5*o + 4620 = 0. List the prime factors of h.
3, 5, 103
Let u = 13623 - -15613. List the prime factors of u.
2, 7309
What are the prime factors of 958086/126 + ((-15)/(-70))/3*2?
2, 1901
Suppose -17*i + 13*i = -1064. Suppose -2*d - 3*t - i = -898, d - 5*t = 342. Suppose 9*x - d = -5*x. What are the prime factors of x?
23
Let h be (-5 + 7)*(1 + 0). Suppose 0 = -2*l + h*a, -3*l + 6*l + a = 0. Suppose -3*o + 9*o - 138 = l. List the prime factors of o.
23
Let x = 2084 - -2853. List the prime factors of x.
4937
List the prime factors of (422/(-20)*4)/((-15)/(-900)*-4).
2, 3, 211
Suppose 12 = 4124*q - 4128*q, 5*q = -2*r + 21549. What are the prime factors of r?
2, 3, 599
Let v(i) = 2*i**2 - 27*i + 31. Let s be v(12). Let b = 309 + s. List the prime factors of b.
2, 19
Let p(c) = 6963*c + 3198. List the prime factors of p(4).
2, 3, 5, 23
Let m = 28581 + -10024. What are the prime factors of m?
7, 11, 241
Let s = 18436 + 48245. List the prime factors of s.
3, 31, 239
Suppose 31 = -5*f + 2*h, -9*f - h = -13*f - 23. What are the prime factors of (-543)/f - 1*9/15?
2, 3
Let m(i) = -109*i + 3. Let w be m(-1). Let z = w + 1. Suppose -3*l + 67 + z = 4*n, 0 = -2*n - l + 92. List the prime factors of n.
2, 3
Suppose b + 21617 = 3*h - 0*h, -4*b - 36040 = -5*h. What are the prime factors of h?
2, 1801
Let t = -32 - -38. Suppose y = t*y. Suppose 4*a - 4*h - 212 = y, h - 293 = -5*a - h. What are the prime factors of a?
3, 19
Let p(g) = 7*g**3 - 53*g**2 + 503*g + 25. What are the prime factors of p(20)?
5, 47, 191
Let z(r) be the third derivative of -r**6/120 + r**5/20 + r**4/8 + r**3/2 - 9*r**2. Let m be z(4). Let y = m + 65. List the prime factors of y.
2
Let l = -4917 - -8697. List the prime factors of l.
2, 3, 5, 7
Let f = 298 + -571. Let v = 393 + f. What are the prime factors of v?
2, 3, 5
Suppose 3*o + 294156 = 55*o - 521308. List the prime factors of o.
2, 7841
Let w = 230 - -137. Suppose -w*h + 363*h + 1672 = 0. List the prime factors of h.
2, 11, 19
Let h = 168 - 100. Let j = -141 - h. Let d = -68 - j. What are the prime factors of d?
3, 47
Let b(p) = 18*p**2 - 2*p + 3. Let r be 1 + 24/15 - (-22)/55. Let l be b(r). Suppose -2*t + l = 55. What are the prime factors of t?
2, 13
Let c(k) = -k**3 + k**2 - 50*k + 11. What are the prime factors of c(-11)?
3, 11, 61
Suppose 3*z = -a - 5 + 1, 3*a - 5*z = 2. Let p be 180/25*(a + 61). Suppose 0 = -2*c - 6*c + p. List the prime factors of c.
2, 3
Suppose 3657 = -4*p + 1317. Let z = p - -345. List the prime factors of ((-108)/(-10))/((-18)/z).
2, 3
Let z be (-18 - -17)*(-7 - -2). Suppose r + z*q = 4*q + 5, -3*r + q = -15. Suppose -r*i = -v - 1093, -4*v + 2*v = -i + 215. List the prime factors of i.
3, 73
Suppose 2*p = 3*w + 24 + 14, -p = w - 24. Suppose p = x + 11. Let h = x - 1. List the prime factors of h.
2, 5
Let o(j) = -3*j - 9. Let k(w) = -w - 3. Let q(r) = 14*k(r) - 4*o(r). Let u be q(-3). Suppose -2 = 4*l + 6, 2*g - l - 378 = u. List the prime factors of g.
2, 47
List the prime factors of -9 - (-7092 - (5 - 17)).
3, 2357
Let u(v) be the second derivative of 108*v**5/5 + 4*v**3/3 - 9*v**2/2 - 56*v. List the prime factors of u(1).
431
Let l = -31 + 31. Suppose l = -3*c - 5*m + 1045, 2*m - 5*m = c - 355. What are the prime factors of c?
2, 5, 17
Let o(f) = 5*f - 5. Let j(t) = t**3 - 4*t**2 - 2*t + 7. Let m be j(4). Let q be o(m). What are the prime factors of 3 + q/50 + (-316)/(-5)?
2, 3, 11
Let m be (2 + 39/(-6))*-2. Suppose -1299 = 6*t - m*t. List the prime factors of t.
433
Let w(q) = -q**2 + 14*q - 22. Let f be w(2). Suppose 3*j - i - 337 = -0*i, f*i + 448 = 4*j. What are the prime factors of j?
113
Let j(z) = z**2 + 6*z + 11. Let p be j(6). Let w = p + -79. Suppose -738 = -5*b - w*c, 0*c = 5*b - 5*c - 720. List the prime factors of b.
2, 73
Let q = -17 - 60. Let u = q + 79. Suppose u = 2*a, -5*a = 2*l - 34 - 43. What are the prime factors of l?
2, 3
Let o(j) = 3*j**2 + 12*j - 6. Let q be o(-9). Suppose -9*i = 628 - 52. Let b = i + q. What are the prime factors of b?
5, 13
Suppose 2*i + 0 + 7 = -3*z, 5*i - 15 = -z. Suppose -i*b + 670 + 310 = 0. List the prime factors of b.
5, 7
Suppose 5*u + 0*p = 2*p + 8681, -6931 = -4*u - 3*p. Suppose -16*f + u = -3769. What are the prime factors of f?
2, 43
Let o(c) = 58*c - 36. Let r(t) = t**3 + 2*t**2 + t + 7. Let h be r(0). What are the prime factors of o(h)?
2, 5, 37
Let z(k) = -857*k - 246. What are the prime factors of z(-8)?
2, 5, 661
Let m = -1777 - -5530. List the prime factors of m.
3, 139
Let r(y) = y**3 + 10*y**2 - 17. List the prime factors of r(24).
17, 1151
Suppose 322 = 31*u - 8*u. Suppose u*d - 1330 = 7*d. List the prime factors of d.
2, 5, 19
Let v be 8 + -7 - (3 + -4). Suppose 2*h = 4*q + 6*h - 16, -v*q = h - 6. Let c(d) = 21*d**2 - 2. List the prime factors of c(q).
2, 41
Let t be (-6)/15 + (-24)/(-10) + 0. Suppose 2*g + t*g - 1168 = -5*x, -3*x - g = -698. List the prime factors of x.
2, 29
Let r(w) = w**2 - 55*w + 190. Let d(p) = 11*p - 38. Let l(f) = 11*d(f) + 2*r(f). What are the pri